{"id":123,"date":"2020-08-17T12:12:03","date_gmt":"2020-08-17T10:12:03","guid":{"rendered":"https:\/\/www.oberonshop.sk\/?page_id=123"},"modified":"2023-04-11T19:40:15","modified_gmt":"2023-04-11T17:40:15","slug":"123-2","status":"publish","type":"page","link":"https:\/\/www.oberonshop.sk\/?page_id=123","title":{"rendered":"Podpora OBERON a Prestashop"},"content":{"rendered":"<p>[et_pb_section fb_built=&#8220;1&#8243; custom_padding_last_edited=&#8220;off|desktop&#8220; admin_label=&#8220;Hero&#8220; _builder_version=&#8220;4.16&#8243; use_background_color_gradient=&#8220;on&#8220; background_color_gradient_direction=&#8220;60deg&#8220; background_color_gradient_stops=&#8220;#8834fd 0%|#c756ec 100%&#8220; background_color_gradient_start=&#8220;#8834fd&#8220; background_color_gradient_end=&#8220;#c756ec&#8220; custom_padding=&#8220;|||&#8220; global_colors_info=&#8220;{}&#8220;][et_pb_row _builder_version=&#8220;4.16&#8243; background_size=&#8220;initial&#8220; background_position=&#8220;top_left&#8220; background_repeat=&#8220;repeat&#8220; custom_padding=&#8220;|||&#8220; global_colors_info=&#8220;{}&#8220;][et_pb_column type=&#8220;4_4&#8243; _builder_version=&#8220;4.16&#8243; custom_padding=&#8220;|||&#8220; global_colors_info=&#8220;{}&#8220; custom_padding__hover=&#8220;|||&#8220;][et_pb_text _builder_version=&#8220;4.16&#8243; text_font=&#8220;||||||||&#8220; header_font=&#8220;|600||on|||||&#8220; header_font_size=&#8220;14px&#8220; text_orientation=&#8220;center&#8220; background_layout=&#8220;dark&#8220; max_width=&#8220;700px&#8220; module_alignment=&#8220;center&#8220; custom_margin=&#8220;|||&#8220; custom_padding=&#8220;|||&#8220; global_colors_info=&#8220;{}&#8220;]<\/p>\n<h1>Cenn\u00edk tvorby eshopu<\/h1>\n<p>[\/et_pb_text][et_pb_text _builder_version=&#8220;4.16&#8243; text_font=&#8220;Open Sans|600|||||||&#8220; text_font_size=&#8220;16px&#8220; text_line_height=&#8220;1.8em&#8220; header_font=&#8220;||||||||&#8220; header_2_font=&#8220;Poppins||||||||&#8220; header_2_font_size=&#8220;36px&#8220; header_2_line_height=&#8220;1.4em&#8220; text_orientation=&#8220;center&#8220; background_layout=&#8220;dark&#8220; max_width=&#8220;700px&#8220; module_alignment=&#8220;center&#8220; global_colors_info=&#8220;{}&#8220;]<\/p>\n<h2>Vyberte si t\u00fa spr\u00e1vnu vo\u013ebu pre V\u00e1\u0161 nov\u00fd online biznis.<\/h2>\n<p>&nbsp;<\/p>\n<p>[\/et_pb_text][\/et_pb_column][\/et_pb_row][\/et_pb_section][et_pb_section fb_built=&#8220;1&#8243; admin_label=&#8220;Pricing&#8220; _builder_version=&#8220;4.16&#8243; background_color=&#8220;#fafafc&#8220; custom_padding=&#8220;100px|0px|100px|0px&#8220; global_colors_info=&#8220;{}&#8220;][et_pb_row _builder_version=&#8220;4.16&#8243; locked=&#8220;off&#8220; global_colors_info=&#8220;{}&#8220;][et_pb_column type=&#8220;4_4&#8243; _builder_version=&#8220;4.16&#8243; custom_padding=&#8220;|||&#8220; global_colors_info=&#8220;{}&#8220; custom_padding__hover=&#8220;|||&#8220;][et_pb_text _builder_version=&#8220;4.16&#8243; text_font=&#8220;||||||||&#8220; text_font_size=&#8220;16px&#8220; text_line_height=&#8220;1.8em&#8220; header_font=&#8220;||||||||&#8220; header_2_font=&#8220;Poppins||||||||&#8220; header_2_font_size=&#8220;28px&#8220; header_2_line_height=&#8220;1.4em&#8220; header_3_font=&#8220;||||||||&#8220; text_orientation=&#8220;center&#8220; max_width=&#8220;700px&#8220; module_alignment=&#8220;center&#8220; global_colors_info=&#8220;{}&#8220;]<\/p>\n<h2>PrestaShop + OBERON<\/h2>\n<p>V\u0161etky varianty eshopu s\u00fa vr\u00e1tane napojenia na OBERON &#8211; agenda firmy.\u00a0<\/p>\n<p>[\/et_pb_text][\/et_pb_column][\/et_pb_row][et_pb_row column_structure=&#8220;1_3,1_3,1_3&#8243; _builder_version=&#8220;4.16&#8243; locked=&#8220;off&#8220; global_colors_info=&#8220;{}&#8220;][et_pb_column type=&#8220;1_3&#8243; _builder_version=&#8220;4.16&#8243; custom_padding=&#8220;|||&#8220; global_colors_info=&#8220;{}&#8220; custom_padding__hover=&#8220;|||&#8220;][et_pb_pricing_tables featured_table_background_color=&#8220;#ffffff&#8220; header_background_color=&#8220;rgba(255,255,255,0)&#8220; show_bullet=&#8220;off&#8220; _builder_version=&#8220;4.16&#8243; currency_frequency_text_color=&#8220;#8834fd&#8220; price_text_color=&#8220;#8834fd&#8220; header_text_color=&#8220;#7a7d80&#8243; header_level=&#8220;h3&#8243; header_font=&#8220;|600||on|||||&#8220; header_font_size=&#8220;14px&#8220; header_letter_spacing=&#8220;1px&#8220; header_line_height=&#8220;1.8em&#8220; body_text_align=&#8220;center&#8220; price_font=&#8220;Poppins|500|||||||&#8220; price_font_size=&#8220;46px&#8220; currency_frequency_font=&#8220;|600|||||||&#8220; background_color=&#8220;#ffffff&#8220; custom_button=&#8220;on&#8220; button_text_size=&#8220;14px&#8220; button_text_color=&#8220;#ffffff&#8220; button_bg_color=&#8220;#8834fd&#8220; button_border_width=&#8220;8px&#8220; button_border_color=&#8220;#8834fd&#8220; button_border_radius=&#8220;100px&#8220; button_letter_spacing=&#8220;1px&#8220; button_font=&#8220;Poppins|600||on|||||&#8220; button_use_icon=&#8220;off&#8220; animation_style=&#8220;slide&#8220; animation_direction=&#8220;bottom&#8220; animation_intensity_slide=&#8220;10%&#8220; custom_css_pricing_top=&#8220;border: none;&#8220; border_width_all=&#8220;0px&#8220; use_border_color=&#8220;on&#8220; button_letter_spacing_hover=&#8220;1px&#8220; center_list_items=&#8220;on&#8220; locked=&#8220;off&#8220; global_colors_info=&#8220;{}&#8220; button_text_size__hover_enabled=&#8220;off&#8220; button_one_text_size__hover_enabled=&#8220;off&#8220; button_two_text_size__hover_enabled=&#8220;off&#8220; button_text_color__hover_enabled=&#8220;off&#8220; button_one_text_color__hover_enabled=&#8220;off&#8220; button_two_text_color__hover_enabled=&#8220;off&#8220; button_border_width__hover_enabled=&#8220;off&#8220; button_one_border_width__hover_enabled=&#8220;off&#8220; button_two_border_width__hover_enabled=&#8220;off&#8220; button_border_color__hover_enabled=&#8220;off&#8220; button_one_border_color__hover_enabled=&#8220;off&#8220; button_two_border_color__hover_enabled=&#8220;off&#8220; button_border_radius__hover_enabled=&#8220;off&#8220; button_one_border_radius__hover_enabled=&#8220;off&#8220; button_two_border_radius__hover_enabled=&#8220;off&#8220; button_letter_spacing__hover_enabled=&#8220;on&#8220; button_letter_spacing__hover=&#8220;1px&#8220; button_one_letter_spacing__hover_enabled=&#8220;off&#8220; button_two_letter_spacing__hover_enabled=&#8220;off&#8220; button_bg_color__hover_enabled=&#8220;off&#8220; button_one_bg_color__hover_enabled=&#8220;off&#8220; button_two_bg_color__hover_enabled=&#8220;off&#8220;][et_pb_pricing_table title=&#8220;Z\u00e1kladn\u00fd eshop&#8220; currency=&#8220;\u20ac&#8220; per=&#8220;s DPH&#8220; sum=&#8220;od 900&#8243; button_url=&#8220;mailto:ivanic@ivanicsro.sk&#8220; button_text=&#8220;kontaktova\u0165&#8220; _builder_version=&#8220;4.16&#8243; header_level=&#8220;h2&#8243; header_font=&#8220;||||||||&#8220; body_font=&#8220;Open Sans|600|||||||&#8220; body_text_color=&#8220;#6f7982&#8243; body_line_height=&#8220;1.3em&#8220; subheader_font=&#8220;Open Sans||||&#8220; price_font=&#8220;||||||||&#8220; currency_frequency_font=&#8220;||||||||&#8220; excluded_text_color=&#8220;#3a3a3a&#8220; background_color=&#8220;#ffffff&#8220; custom_padding=&#8220;|||&#8220; border_radii=&#8220;on|10px|10px|10px|10px&#8220; box_shadow_style=&#8220;preset1&#8243; box_shadow_color=&#8220;rgba(198,198,198,0.3)&#8220; pricing_item_excluded_color=&#8220;#3a3a3a&#8220; global_colors_info=&#8220;{}&#8220; button_text_size__hover_enabled=&#8220;off&#8220; button_one_text_size__hover_enabled=&#8220;off&#8220; button_two_text_size__hover_enabled=&#8220;off&#8220; button_text_color__hover_enabled=&#8220;off&#8220; button_one_text_color__hover_enabled=&#8220;off&#8220; button_two_text_color__hover_enabled=&#8220;off&#8220; button_border_width__hover_enabled=&#8220;off&#8220; button_one_border_width__hover_enabled=&#8220;off&#8220; button_two_border_width__hover_enabled=&#8220;off&#8220; button_border_color__hover_enabled=&#8220;off&#8220; button_one_border_color__hover_enabled=&#8220;off&#8220; button_two_border_color__hover_enabled=&#8220;off&#8220; button_border_radius__hover_enabled=&#8220;off&#8220; button_one_border_radius__hover_enabled=&#8220;off&#8220; button_two_border_radius__hover_enabled=&#8220;off&#8220; button_letter_spacing__hover_enabled=&#8220;off&#8220; button_one_letter_spacing__hover_enabled=&#8220;off&#8220; button_two_letter_spacing__hover_enabled=&#8220;off&#8220; button_bg_color__hover_enabled=&#8220;off&#8220; button_one_bg_color__hover_enabled=&#8220;off&#8220; button_two_bg_color__hover_enabled=&#8220;off&#8220; sticky_transition=&#8220;on&#8220;]<\/p>\n<p><b>eshop s prepojen\u00edm na OBERON<\/b><\/p>\n<p><b>Prestashop verzie 1.7<\/b><\/p>\n<p><strong>z\u00e1kladn\u00fd dizajn<\/strong><\/p>\n<p><b>upravite\u013en\u00fd o \u010fal\u0161ie moduly<\/b><br \/><b>Bal\u00edk 5 hodinovej podpory v cene<\/b><\/p>\n<p>[\/et_pb_pricing_table][\/et_pb_pricing_tables][\/et_pb_column][et_pb_column type=&#8220;1_3&#8243; _builder_version=&#8220;4.16&#8243; custom_padding=&#8220;|||&#8220; global_colors_info=&#8220;{}&#8220; custom_padding__hover=&#8220;|||&#8220;][et_pb_pricing_tables featured_table_background_color=&#8220;#ffffff&#8220; header_background_color=&#8220;rgba(255,255,255,0)&#8220; show_bullet=&#8220;off&#8220; _builder_version=&#8220;4.16&#8243; currency_frequency_text_color=&#8220;#c756ec&#8220; price_text_color=&#8220;#c756ec&#8220; header_text_color=&#8220;#7a7d80&#8243; header_level=&#8220;h3&#8243; header_font=&#8220;|600||on|||||&#8220; header_font_size=&#8220;14px&#8220; header_letter_spacing=&#8220;1px&#8220; header_line_height=&#8220;1.8em&#8220; body_text_align=&#8220;center&#8220; subheader_font=&#8220;||||||||&#8220; price_font=&#8220;Poppins|500|||||||&#8220; price_font_size=&#8220;46px&#8220; currency_frequency_font=&#8220;|600|||||||&#8220; background_color=&#8220;#ffffff&#8220; custom_button=&#8220;on&#8220; button_text_size=&#8220;14px&#8220; button_text_color=&#8220;#ffffff&#8220; button_bg_color=&#8220;#c756ec&#8220; button_border_width=&#8220;8px&#8220; button_border_color=&#8220;#c756ec&#8220; button_border_radius=&#8220;100px&#8220; button_letter_spacing=&#8220;1px&#8220; button_font=&#8220;Poppins|600||on|||||&#8220; button_use_icon=&#8220;off&#8220; animation_style=&#8220;slide&#8220; animation_direction=&#8220;bottom&#8220; animation_delay=&#8220;100ms&#8220; animation_intensity_slide=&#8220;10%&#8220; custom_css_pricing_top=&#8220;border: none;&#8220; border_width_all=&#8220;0px&#8220; use_border_color=&#8220;on&#8220; button_letter_spacing_hover=&#8220;1px&#8220; center_list_items=&#8220;on&#8220; locked=&#8220;off&#8220; global_colors_info=&#8220;{}&#8220; button_text_size__hover_enabled=&#8220;off&#8220; button_one_text_size__hover_enabled=&#8220;off&#8220; button_two_text_size__hover_enabled=&#8220;off&#8220; button_text_color__hover_enabled=&#8220;off&#8220; button_one_text_color__hover_enabled=&#8220;off&#8220; button_two_text_color__hover_enabled=&#8220;off&#8220; button_border_width__hover_enabled=&#8220;off&#8220; button_one_border_width__hover_enabled=&#8220;off&#8220; button_two_border_width__hover_enabled=&#8220;off&#8220; button_border_color__hover_enabled=&#8220;off&#8220; button_one_border_color__hover_enabled=&#8220;off&#8220; button_two_border_color__hover_enabled=&#8220;off&#8220; button_border_radius__hover_enabled=&#8220;off&#8220; button_one_border_radius__hover_enabled=&#8220;off&#8220; button_two_border_radius__hover_enabled=&#8220;off&#8220; button_letter_spacing__hover_enabled=&#8220;on&#8220; button_letter_spacing__hover=&#8220;1px&#8220; button_one_letter_spacing__hover_enabled=&#8220;off&#8220; button_two_letter_spacing__hover_enabled=&#8220;off&#8220; button_bg_color__hover_enabled=&#8220;off&#8220; button_one_bg_color__hover_enabled=&#8220;off&#8220; button_two_bg_color__hover_enabled=&#8220;off&#8220;][et_pb_pricing_table title=&#8220;Dizajnov\u00fd eshop&#8220; currency=&#8220;\u20ac&#8220; per=&#8220;s DPH&#8220; sum=&#8220;od 1900&#8243; button_url=&#8220;mailto:ivanic@ivanicsro.sk&#8220; button_text=&#8220;Kontaktova\u0165&#8220; _builder_version=&#8220;4.16&#8243; header_level=&#8220;h2&#8243; header_font=&#8220;||||||||&#8220; body_font=&#8220;Open Sans|600|||||||&#8220; body_text_color=&#8220;#6f7982&#8243; body_line_height=&#8220;1.3em&#8220; subheader_font=&#8220;Open Sans||||&#8220; price_font=&#8220;||||||||&#8220; currency_frequency_font=&#8220;||||||||&#8220; excluded_text_color=&#8220;#3a3a3a&#8220; background_color=&#8220;#ffffff&#8220; custom_padding=&#8220;|||&#8220; border_radii=&#8220;on|10px|10px|10px|10px&#8220; box_shadow_style=&#8220;preset1&#8243; box_shadow_color=&#8220;rgba(198,198,198,0.3)&#8220; pricing_item_excluded_color=&#8220;#3a3a3a&#8220; global_colors_info=&#8220;{}&#8220; button_text_size__hover_enabled=&#8220;off&#8220; button_one_text_size__hover_enabled=&#8220;off&#8220; button_two_text_size__hover_enabled=&#8220;off&#8220; button_text_color__hover_enabled=&#8220;off&#8220; button_one_text_color__hover_enabled=&#8220;off&#8220; button_two_text_color__hover_enabled=&#8220;off&#8220; button_border_width__hover_enabled=&#8220;off&#8220; button_one_border_width__hover_enabled=&#8220;off&#8220; button_two_border_width__hover_enabled=&#8220;off&#8220; button_border_color__hover_enabled=&#8220;off&#8220; button_one_border_color__hover_enabled=&#8220;off&#8220; button_two_border_color__hover_enabled=&#8220;off&#8220; button_border_radius__hover_enabled=&#8220;off&#8220; button_one_border_radius__hover_enabled=&#8220;off&#8220; button_two_border_radius__hover_enabled=&#8220;off&#8220; button_letter_spacing__hover_enabled=&#8220;off&#8220; button_one_letter_spacing__hover_enabled=&#8220;off&#8220; button_two_letter_spacing__hover_enabled=&#8220;off&#8220; button_bg_color__hover_enabled=&#8220;off&#8220; button_one_bg_color__hover_enabled=&#8220;off&#8220; button_two_bg_color__hover_enabled=&#8220;off&#8220; sticky_transition=&#8220;on&#8220;]<\/p>\n<p><strong>eshop v unik\u00e1tnom dizajne s prepojen\u00edm na OBERON<\/strong><\/p>\n<p><strong>Prestashop verzie 1.7<\/strong><\/p>\n<p><strong>Upravite\u013en\u00fd dizajn a funkcie<\/strong><\/p>\n<p><b>Bal\u00edk 5 hodinovej podpory v cene<\/b><\/p>\n<p><b><\/b><\/p>\n<p>[\/et_pb_pricing_table][\/et_pb_pricing_tables][\/et_pb_column][et_pb_column type=&#8220;1_3&#8243; _builder_version=&#8220;4.16&#8243; custom_padding=&#8220;|||&#8220; global_colors_info=&#8220;{}&#8220; custom_padding__hover=&#8220;|||&#8220;][\/et_pb_column][\/et_pb_row][\/et_pb_section][et_pb_section fb_built=&#8220;1&#8243; admin_label=&#8220;Features&#8220; _builder_version=&#8220;4.16&#8243; custom_padding=&#8220;100px|0px|100px|0px&#8220; global_colors_info=&#8220;{}&#8220;][et_pb_row _builder_version=&#8220;4.16&#8243; custom_padding=&#8220;27px|0px|27px|0px&#8220; global_colors_info=&#8220;{}&#8220;][et_pb_column type=&#8220;4_4&#8243; _builder_version=&#8220;4.16&#8243; custom_padding=&#8220;|||&#8220; global_colors_info=&#8220;{}&#8220; custom_padding__hover=&#8220;|||&#8220;][et_pb_text _builder_version=&#8220;4.16&#8243; text_font=&#8220;||||||||&#8220; text_font_size=&#8220;16px&#8220; text_line_height=&#8220;1.8em&#8220; header_font=&#8220;||||||||&#8220; header_2_font=&#8220;Poppins||||||||&#8220; header_2_font_size=&#8220;28px&#8220; header_2_line_height=&#8220;1.4em&#8220; header_3_font=&#8220;||||||||&#8220; text_orientation=&#8220;center&#8220; max_width=&#8220;700px&#8220; module_alignment=&#8220;center&#8220; global_colors_info=&#8220;{}&#8220;]<\/p>\n<h2>Volite\u013en\u00e9 roz\u0161\u00edrenia<\/h2>\n<p>V\u00e1\u0161 nov\u00fd internetov\u00fd obchod je mo\u017en\u00e9 doplni\u0165 o nespo\u010detn\u00e9 mno\u017estvo nov\u00fdch funkci\u00ed.\u00a0<\/p>\n<p>[\/et_pb_text][\/et_pb_column][\/et_pb_row][et_pb_row column_structure=&#8220;1_3,1_3,1_3&#8243; _builder_version=&#8220;4.16&#8243; global_colors_info=&#8220;{}&#8220;][et_pb_column type=&#8220;1_3&#8243; _builder_version=&#8220;4.16&#8243; custom_padding=&#8220;|||&#8220; global_colors_info=&#8220;{}&#8220; custom_padding__hover=&#8220;|||&#8220;][et_pb_blurb title=&#8220;XML exporty pre porovn\u00e1va\u010de&#8220; image=&#8220;https:\/\/www.oberonshop.sk\/wp-content\/uploads\/2020\/08\/app-marketing-icon-05-6.png&#8220; icon_placement=&#8220;left&#8220; image_icon_width=&#8220;68px&#8220; _builder_version=&#8220;4.16&#8243; header_font=&#8220;Poppins|600||on|||||&#8220; header_font_size=&#8220;14px&#8220; header_line_height=&#8220;1.4em&#8220; body_font=&#8220;||||||||&#8220; body_line_height=&#8220;1.8em&#8220; max_width_last_edited=&#8220;off|desktop&#8220; animation_style=&#8220;fade&#8220; animation=&#8220;off&#8220; border_radii_image=&#8220;on|14px|14px|14px|14px&#8220; border_width_all_image=&#8220;2px&#8220; border_color_all_image=&#8220;rgba(0,0,0,0.1)&#8220; image_max_width=&#8220;68px&#8220; global_colors_info=&#8220;{}&#8220;]<\/p>\n<p>Pod\u013ea odvetvia v\u00e1\u0161ho podnikania je mo\u017en\u00e9 roz\u0161\u00edri\u0165 eshop o exportn\u00e9 s\u00fabory pre heureku, google, glami alebo in\u00e9 porovn\u00e1va\u010de tovarov.<\/p>\n<p>[\/et_pb_blurb][\/et_pb_column][et_pb_column type=&#8220;1_3&#8243; _builder_version=&#8220;4.16&#8243; custom_padding=&#8220;|||&#8220; global_colors_info=&#8220;{}&#8220; custom_padding__hover=&#8220;|||&#8220;][et_pb_blurb title=&#8220;Exporty na dopravcov&#8220; image=&#8220;https:\/\/www.oberonshop.sk\/wp-content\/uploads\/2020\/08\/app-marketing-icon-04-6.png&#8220; icon_placement=&#8220;left&#8220; image_icon_width=&#8220;68px&#8220; _builder_version=&#8220;4.16&#8243; header_font=&#8220;Poppins|600||on|||||&#8220; header_font_size=&#8220;14px&#8220; header_line_height=&#8220;1.4em&#8220; body_font=&#8220;||||||||&#8220; body_line_height=&#8220;1.8em&#8220; max_width_last_edited=&#8220;off|desktop&#8220; animation_style=&#8220;fade&#8220; animation_delay=&#8220;100ms&#8220; animation=&#8220;off&#8220; border_radii_image=&#8220;on|14px|14px|14px|14px&#8220; border_width_all_image=&#8220;2px&#8220; border_color_all_image=&#8220;rgba(0,0,0,0.1)&#8220; image_max_width=&#8220;68px&#8220; global_colors_info=&#8220;{}&#8220;]<\/p>\n<p>Va\u0161e objedn\u00e1vky pripraven\u00e9 na exped\u00edciu vieme jednoducho pripravi\u0165 na import do kuri\u00e9rskej spolo\u010dnosti.\u00a0<\/p>\n<p>[\/et_pb_blurb][\/et_pb_column][et_pb_column type=&#8220;1_3&#8243; _builder_version=&#8220;4.16&#8243; custom_padding=&#8220;|||&#8220; global_colors_info=&#8220;{}&#8220; custom_padding__hover=&#8220;|||&#8220;][et_pb_blurb title=&#8220;Facebook a instagram shop&#8220; image=&#8220;https:\/\/www.oberonshop.sk\/wp-content\/uploads\/2020\/08\/app-marketing-icon-07-6.png&#8220; icon_placement=&#8220;left&#8220; image_icon_width=&#8220;68px&#8220; _builder_version=&#8220;4.16&#8243; header_font=&#8220;Poppins|600||on|||||&#8220; header_font_size=&#8220;14px&#8220; header_line_height=&#8220;1.4em&#8220; body_font=&#8220;||||||||&#8220; body_line_height=&#8220;1.8em&#8220; max_width_last_edited=&#8220;off|desktop&#8220; animation_style=&#8220;fade&#8220; animation_delay=&#8220;200ms&#8220; animation=&#8220;off&#8220; border_radii_image=&#8220;on|14px|14px|14px|14px&#8220; border_width_all_image=&#8220;2px&#8220; border_color_all_image=&#8220;rgba(0,0,0,0.1)&#8220; image_max_width=&#8220;68px&#8220; global_colors_info=&#8220;{}&#8220;]<\/p>\n<p>Vedeli ste, \u017ee v\u00e1\u0161 nov\u00fd eshop sa d\u00e1 roz\u0161\u00edri\u0165 o 2 nov\u00e9 predajn\u00e9 kan\u00e1ly? Eshop na facebooku a na instagrame m\u00f4\u017ee v\u00fdrazne zv\u00fd\u0161i\u0165 predaje.<\/p>\n<p>[\/et_pb_blurb][\/et_pb_column][\/et_pb_row][et_pb_row column_structure=&#8220;1_3,1_3,1_3&#8243; _builder_version=&#8220;4.16&#8243; global_colors_info=&#8220;{}&#8220;][et_pb_column type=&#8220;1_3&#8243; _builder_version=&#8220;4.16&#8243; custom_padding=&#8220;|||&#8220; global_colors_info=&#8220;{}&#8220; custom_padding__hover=&#8220;|||&#8220;][et_pb_blurb title=&#8220;Napojenie na platobn\u00e9 br\u00e1ny&#8220; image=&#8220;https:\/\/www.oberonshop.sk\/wp-content\/uploads\/2020\/08\/app-marketing-icon-06-6.png&#8220; icon_placement=&#8220;left&#8220; image_icon_width=&#8220;68px&#8220; _builder_version=&#8220;4.16&#8243; header_font=&#8220;Poppins|600||on|||||&#8220; header_font_size=&#8220;14px&#8220; header_line_height=&#8220;1.4em&#8220; body_font=&#8220;||||||||&#8220; body_line_height=&#8220;1.8em&#8220; max_width_last_edited=&#8220;off|desktop&#8220; animation_style=&#8220;fade&#8220; animation=&#8220;off&#8220; border_radii_image=&#8220;on|14px|14px|14px|14px&#8220; border_width_all_image=&#8220;2px&#8220; border_color_all_image=&#8220;rgba(0,0,0,0.1)&#8220; image_max_width=&#8220;68px&#8220; global_colors_info=&#8220;{}&#8220;]<\/p>\n<p>Chcete ma\u0165 na Va\u0161om novom eshope mo\u017enos\u0165 platby kartou, pr\u00edpadne zr\u00fdchlen\u00e9 platobn\u00e9 prevody? Existuje viac mo\u017enost\u00ed napojenia r\u00f4znych platobn\u00fdch br\u00e1n. Vyberte si najvhodnej\u0161iu pod\u013ea Va\u0161ich potrieb a kontaktuje n\u00e1s oh\u013eadom napojenia.<\/p>\n<p>[\/et_pb_blurb][\/et_pb_column][et_pb_column type=&#8220;1_3&#8243; _builder_version=&#8220;4.16&#8243; custom_padding=&#8220;|||&#8220; global_colors_info=&#8220;{}&#8220; custom_padding__hover=&#8220;|||&#8220;][et_pb_blurb title=&#8220;Zlep\u0161enie vyh\u013ead\u00e1vania&#8220; image=&#8220;https:\/\/www.oberonshop.sk\/wp-content\/uploads\/2020\/08\/app-marketing-icon-04-6.png&#8220; icon_placement=&#8220;left&#8220; image_icon_width=&#8220;68px&#8220; _builder_version=&#8220;4.16&#8243; header_font=&#8220;Poppins|600||on|||||&#8220; header_font_size=&#8220;14px&#8220; header_line_height=&#8220;1.4em&#8220; body_font=&#8220;||||||||&#8220; body_line_height=&#8220;1.8em&#8220; max_width_last_edited=&#8220;off|desktop&#8220; animation_style=&#8220;fade&#8220; animation_delay=&#8220;100ms&#8220; animation=&#8220;off&#8220; border_radii_image=&#8220;on|14px|14px|14px|14px&#8220; border_width_all_image=&#8220;2px&#8220; border_color_all_image=&#8220;rgba(0,0,0,0.1)&#8220; image_max_width=&#8220;68px&#8220; global_colors_info=&#8220;{}&#8220;]<\/p>\n<p>Vyh\u013ead\u00e1vanie nefunguje pod\u013ea Va\u0161ich predst\u00e1v? Kontaktujte n\u00e1s, n\u00e1jdeme najlep\u0161ie rie\u0161enie&#8230;<\/p>\n<p>[\/et_pb_blurb][\/et_pb_column][et_pb_column type=&#8220;1_3&#8243; _builder_version=&#8220;4.16&#8243; custom_padding=&#8220;|||&#8220; global_colors_info=&#8220;{}&#8220; custom_padding__hover=&#8220;|||&#8220;][et_pb_blurb title=&#8220;Tis\u00edcky in\u00fdch modulov&#8220; image=&#8220;https:\/\/www.oberonshop.sk\/wp-content\/uploads\/2020\/08\/app-marketing-icon-04-6.png&#8220; icon_placement=&#8220;left&#8220; image_icon_width=&#8220;68px&#8220; _builder_version=&#8220;4.16&#8243; header_font=&#8220;Poppins|600||on|||||&#8220; header_font_size=&#8220;14px&#8220; header_line_height=&#8220;1.4em&#8220; body_font=&#8220;||||||||&#8220; body_line_height=&#8220;1.8em&#8220; max_width_last_edited=&#8220;off|desktop&#8220; animation_style=&#8220;fade&#8220; animation_delay=&#8220;200ms&#8220; animation=&#8220;off&#8220; border_radii_image=&#8220;on|14px|14px|14px|14px&#8220; border_width_all_image=&#8220;2px&#8220; border_color_all_image=&#8220;rgba(0,0,0,0.1)&#8220; image_max_width=&#8220;68px&#8220; global_colors_info=&#8220;{}&#8220;]<\/p>\n<p>H\u013ead\u00e1te funkciu, roz\u0161\u00edrenie, ktor\u00e9 sa tu nespom\u00edna? Kontaktujte n\u00e1s, spolo\u010dne sk\u00fasime n\u00e1js\u0165 rie\u0161enie&#8230;<\/p>\n<p>[\/et_pb_blurb][\/et_pb_column][\/et_pb_row][\/et_pb_section]<\/p>\n","protected":false},"excerpt":{"rendered":"<p>Cenn\u00edk tvorby eshopuVyberte si t\u00fa spr\u00e1vnu vo\u013ebu pre V\u00e1\u0161 nov\u00fd online biznis. &nbsp;PrestaShop + OBERON V\u0161etky varianty eshopu s\u00fa vr\u00e1tane napojenia na OBERON &#8211; agenda firmy.\u00a0eshop s prepojen\u00edm na OBERON Prestashop verzie 1.7 z\u00e1kladn\u00fd dizajn upravite\u013en\u00fd o \u010fal\u0161ie modulyBal\u00edk 5 hodinovej podpory v ceneeshop v unik\u00e1tnom dizajne s prepojen\u00edm na OBERON Prestashop verzie 1.7 Upravite\u013en\u00fd [&hellip;]<\/p>\n","protected":false},"author":1,"featured_media":0,"parent":0,"menu_order":0,"comment_status":"closed","ping_status":"closed","template":"","meta":{"_et_pb_use_builder":"on","_et_pb_old_content":"","_et_gb_content_width":""},"_links":{"self":[{"href":"https:\/\/www.oberonshop.sk\/index.php?rest_route=\/wp\/v2\/pages\/123"}],"collection":[{"href":"https:\/\/www.oberonshop.sk\/index.php?rest_route=\/wp\/v2\/pages"}],"about":[{"href":"https:\/\/www.oberonshop.sk\/index.php?rest_route=\/wp\/v2\/types\/page"}],"author":[{"embeddable":true,"href":"https:\/\/www.oberonshop.sk\/index.php?rest_route=\/wp\/v2\/users\/1"}],"replies":[{"embeddable":true,"href":"https:\/\/www.oberonshop.sk\/index.php?rest_route=%2Fwp%2Fv2%2Fcomments&post=123"}],"version-history":[{"count":10,"href":"https:\/\/www.oberonshop.sk\/index.php?rest_route=\/wp\/v2\/pages\/123\/revisions"}],"predecessor-version":[{"id":271,"href":"https:\/\/www.oberonshop.sk\/index.php?rest_route=\/wp\/v2\/pages\/123\/revisions\/271"}],"wp:attachment":[{"href":"https:\/\/www.oberonshop.sk\/index.php?rest_route=%2Fwp%2Fv2%2Fmedia&parent=123"}],"curies":[{"name":"wp","href":"https:\/\/api.w.org\/{rel}","templated":true}]}}